mmon divisor of 580 and 28565.
145
What is the highest common factor of 2770440 and 120?
120
Calculate the greatest common divisor of 40 and 138240.
40
Calculate the highest common divisor of 21 and 9663.
3
Calculate the highest common divisor of 68 and 62492.
68
Calculate the highest common divisor of 181042 and 2764.
1382
What is the highest common factor of 4224 and 5530272?
1056
What is the greatest common factor of 9715 and 88105?
335
Calculate the greatest common divisor of 57851 and 136.
17
What is the greatest common factor of 243 and 62613?
81
What is the highest common factor of 690 and 28865?
115
Calculate the highest common divisor of 380744 and 2496.
104
What is the highest common divisor of 26019 and 567?
63
What is the highest common divisor of 155 and 21297?
31
Calculate the greatest common factor of 126655 and 4511.
347
Calculate the greatest common factor of 21 and 97629.
21
What is the highest common divisor of 62098 and 366?
122
Calculate the greatest common divisor of 2 and 415957.
1
Calculate the highest common factor of 7080 and 600.
120
What is the highest common factor of 2769 and 93507?
213
Calculate the highest common factor of 580249 and 379.
379
Calculate the greatest common factor of 51 and 3171911.
17
What is the highest common factor of 431 and 193519?
431
What is the highest common factor of 134020 and 120?
20
Calculate the highest common divisor of 675 and 173610.
135
What is the highest common divisor of 71 and 1955269?
71
What is the highest common factor of 504 and 54360?
72
Calculate the greatest common factor of 1 and 4549.
1
What is the greatest common divisor of 124160 and 10880?
640
Calculate the greatest common divisor of 23 and 129697.
23
What is the greatest common factor of 17836 and 5348?
28
Calculate the highest common divisor of 8 and 18268.
4
What is the greatest common factor of 28215 and 15903?
513
Calculate the greatest common divisor of 4264 and 11544.
104
Calculate the highest common divisor of 1166495 and 55.
55
Calculate the greatest common factor of 15072 and 192.
96
What is the highest common factor of 228 and 36537?
57
What is the highest common divisor of 3260 and 500?
20
Calculate the greatest common divisor of 586 and 68.
2
What is the greatest common factor of 111 and 259851?
111
What is the greatest common factor of 8 and 105368?
8
What is the highest common factor of 13 and 142831?
13
What is the highest common factor of 31 and 491474?
31
What is the greatest common divisor of 15198 and 71520?
894
What is the highest common factor of 46950 and 550?
50
Calculate the highest common divisor of 11819 and 892.
223
Calculate the greatest common factor of 24696 and 180.
36
Calculate the greatest common factor of 2328 and 6091212.
1164
What is the highest common factor of 32125 and 30?
5
What is the greatest common divisor of 71409 and 364?
13
Calculate the highest common factor of 4008 and 9024.
24
What is the greatest common divisor of 56000 and 175?
175
Calculate the highest common divisor of 785595 and 10.
5
What is the highest common divisor of 161 and 467337?
23
What is the greatest common factor of 101 and 2078883?
101
What is the highest common factor of 813638 and 1246?
1246
Calculate the highest common divisor of 8001 and 1701.
63
What is the highest common factor of 26715 and 43485?
195
What is the highest common factor of 272 and 3468?
68
What is the highest common factor of 6 and 25791?
3
What is the highest common factor of 580 and 151090?
290
What is the highest common divisor of 1 and 26190?
1
Calculate the highest common factor of 10076 and 132.
44
Calculate the highest common divisor of 536816 and 16.
16
Calculate the greatest common divisor of 197 and 3794023.
197
Calculate the highest common factor of 27 and 380241.
27
What is the highest common divisor of 5436 and 27?
9
Calculate the highest common divisor of 1720 and 58136.
344
What is the highest common factor of 785 and 165?
5
What is the greatest common divisor of 6885914 and 14?
14
Calculate the highest common divisor of 12608 and 3136.
64
What is the highest common divisor of 36 and 13266?
18
What is the greatest common factor of 3201 and 8051?
97
Calculate the greatest common divisor of 1340993 and 889.
127
Calculate the greatest common divisor of 4420 and 689.
13
Calculate the greatest common divisor of 192 and 11008.
64
What is the highest common divisor of 33165 and 174267?
603
What is the greatest common divisor of 726 and 642?
6
Calculate the highest common divisor of 4085 and 17195.
95
What is the highest common factor of 223727 and 434?
217
Calculate the greatest common factor of 1914 and 586641.
957
Calculate the highest common factor of 205217 and 163.
163
Calculate the highest common divisor of 30557 and 23.
1
Calculate the greatest common divisor of 16885 and 1045.
55
Calculate the highest common divisor of 91 and 38714.
13
What is the highest common factor of 99 and 116897?
11
What is the highest common factor of 846 and 40232?
94
What is the greatest common factor of 45 and 21405?
15
Calculate the greatest common divisor of 26030 and 551.
19
Calculate the highest common divisor of 176 and 8992.
16
Calculate the highest common factor of 24 and 14616.
24
What is the greatest common divisor of 2436 and 52500?
84
Calculate the highest common divisor of 8957 and 13.
13
What is the highest common factor of 763 and 371?
7
Calculate the highest common divisor of 2464 and 1001.
77
What is the greatest common divisor of 71 and 114239?
71
Calculate the highest common factor of 36708 and 1242.
138
Calculate the greatest common factor of 592 and 129796.
148
What is the highest common divisor of 912 and 5190800?
304
What is the greatest common divisor of 256 and 30976?
256
Calculate the highest common divisor of 409 and 44581.
409
What is the highest common factor of 118674 and 7634?
694
Calculate the greatest common divisor of 8556 and 124.
124
What is the highest common factor of 6592 and 29973?
103
Calculate the highest common factor of 1608 and 16680.
24
Calculate the highest common divisor of 32846 and 22.
22
Calculate the greatest common divisor of 594 and 12820302.
594
What is the greatest common factor of 11962 and 2?
2
Calculate the greatest common divisor of 3009 and 22125.
177
What is the greatest common divisor of 320722 and 34?
34
What is the greatest common divisor of 5055 and 240?
15
What is the highest common factor of 318 and 3702?
6
Calculate the greatest common factor of 3240 and 537732.
108
Calculate the greatest common factor of 13609 and 1333.
31
Calculate the greatest common divisor of 3795 and 2760.
345
What is the highest common factor of 50 and 38780?
10
Calculate the highest common factor of 812 and 33698.
406
Calculate the greatest common divisor of 1968 and 129.
3
Calculate the highest common divisor of 1053 and 302859.
81
Calculate the highest common divisor of 370 and 20562010.
370
Calculate the greatest common divisor of 8495478 and 612.
306
Calculate the greatest common divisor of 11267 and 14825.
593
What is the greatest common divisor of 1357 and 5773?
23
What is the highest common factor of 7867 and 2?
1
Calculate the greatest common factor of 108230 and 790.
790
What is the greatest common factor of 81886 and 42?
14
What is the greatest common factor of 3752856 and 141?
141
Calculate the greatest common factor of 539608 and 37.
37
Calculate the highest common divisor of 1729 and 1703.
13
Calculate the greatest common divisor of 1620 and 68364.
324
What is the highest common divisor of 918 and 9738?
18
What is the highest common divisor of 3795 and 495?
165
What is the greatest common divisor of 113 and 1939871?
113
What is the greatest common divisor of 582148 and 425?
17
Calculate the highest common divisor of 8910 and 3910.
10
What is the highest common factor of 69 and 3720273?
69
What is the greatest common factor of 7245 and 240?
15
What is the greatest common factor of 80401 and 159?
53
What is the greatest common factor of 246 and 1233198?
246
What is the highest common divisor of 1005 and 3765?
15
What is the greatest common divisor of 249720 and 1320?
120
Calculate the highest common divisor of 3765 and 15900.
15
What is the highest common divisor of 33667 and